01001?
-10111
In base 8, what is -1254 - -1?
-1253
In base 8, what is -1 + 1534?
1533
In base 3, what is -12 - -2101112?
2101100
In base 2, what is -101 + -100110110100?
-100110111001
In base 16, what is -d13 - -c?
-d07
In base 13, what is -14 - -9?
-8
In base 2, what is -111100 + 101011110?
100100010
In base 3, what is -2200 + -1?
-2201
In base 6, what is -2350 - 2?
-2352
In base 10, what is 25 - 73?
-48
In base 16, what is -5 - 9?
-e
In base 13, what is b - 75?
-67
In base 11, what is 0 - 65?
-65
In base 9, what is -238 + -21?
-260
In base 16, what is 0 - -d1?
d1
In base 2, what is 1000111000110100 + 10?
1000111000110110
In base 4, what is 301212 - -10?
301222
In base 4, what is 12 - 1010?
-332
In base 15, what is 1 - -a7?
a8
In base 2, what is 10001010011111 + -100?
10001010011011
In base 15, what is 0 + -251?
-251
In base 2, what is 10000111010010111 + -101?
10000111010010010
In base 2, what is 10101011111001 + 101?
10101011111110
In base 2, what is 110 + 10000001?
10000111
In base 12, what is 25 - -30?
55
In base 10, what is -93 + -5?
-98
In base 15, what is -5 + -48?
-4d
In base 2, what is 101010100 - -1?
101010101
In base 13, what is 4 + -3c?
-38
In base 14, what is -9 - 8a?
-95
In base 16, what is 6 - -62?
68
In base 5, what is -3 - -201?
143
In base 12, what is 5 - -307?
310
In base 11, what is 5 + -74a?
-745
In base 16, what is -6 + b0?
aa
In base 11, what is 4 + 44?
48
In base 8, what is -1466 + 1?
-1465
In base 3, what is 2 + 10002?
10011
In base 2, what is -101 - 111000010000?
-111000010101
In base 9, what is -10517 - 1?
-10518
In base 14, what is -3 + 42?
3d
In base 16, what is 49 + -196?
-14d
In base 15, what is -6 + 115?
10e
In base 4, what is 1033 - 11?
1022
In base 6, what is -4 + 2025?
2021
In base 11, what is 0 + 29a8?
29a8
In base 8, what is -40462 + 4?
-40456
In base 5, what is 233 - 14?
214
In base 4, what is -30 + 122?
32
In base 10, what is -49 - -13?
-36
In base 8, what is -274 - -3?
-271
In base 9, what is 3 + -1627?
-1624
In base 4, what is -11033 - 110?
-11203
In base 16, what is -4 - 10c1?
-10c5
In base 9, what is -20281 - -3?
-20277
In base 10, what is -209 + 3?
-206
In base 12, what is 13 + -2?
11
In base 5, what is -10131 + 20?
-10111
In base 8, what is 1 - 5343?
-5342
In base 7, what is 14243 - 5?
14235
In base 5, what is -43 - 34?
-132
In base 13, what is -6 - 5?
-b
In base 6, what is 532 - 4?
524
In base 9, what is -43 - -5?
-37
In base 3, what is -2012121 + -11?
-2012202
In base 2, what is -11 - 100000100?
-100000111
In base 14, what is 35 + -1c?
17
In base 14, what is -77 - 0?
-77
In base 6, what is -3 + 131?
124
In base 16, what is -33e - -4?
-33a
In base 15, what is 104b - 2?
1049
In base 2, what is 1 - 10010?
-10001
In base 9, what is 1504 + -2?
1502
In base 8, what is -1 - 76?
-77
In base 7, what is -5 - 236?
-244
In base 8, what is 1346 + 5?
1353
In base 16, what is ef + -a?
e5
In base 9, what is -1 + -82?
-83
In base 9, what is 3 - 82?
-78
In base 15, what is -6e + -2?
-71
In base 12, what is -4 + 49?
45
In base 14, what is 5 + -31c7?
-31c2
In base 3, what is -2121001 - 11?
-2121012
In base 11, what is 3726 + -5?
3721
In base 7, what is 1164 + 4?
1201
In base 13, what is 2 + -1090?
-108b
In base 13, what is -431 + a?
-424
In base 16, what is -4133 - 1?
-4134
In base 16, what is -5 - -bae?
ba9
In base 3, what is -222 - -10?
-212
In base 3, what is 12021 + -1002?
11012
In base 12, what is 2 + b44?
b46
In base 16, what is -189 - -14?
-175
In base 3, what is 201 + -102?
22
In base 3, what is 10100 + -11?
10012
In base 5, what is -11 + 121?
110
In base 3, what is 2222 - 221?
2001
In base 12, what is -400 + -3?
-403
In base 9, what is -1 - 17?
-18
In base 12, what is 229 + 8?
235
In base 12, what is -a + -20?
-2a
In base 6, what is -1 - -13412?
13411
In base 15, what is -27d - 1?
-27e
In base 10, what is -44 + -14?
-58
In base 5, what is 2 + -10330?
-10323
In base 9, what is 4 + 4450?
4454
In base 7, what is 3015 + 3?
3021
In base 3, what is 212 + -101?
111
In base 15, what is 4 + 99?
9d
In base 13, what is -3 - -b?
8
In base 15, what is 1 - -6e8?
6e9
In base 12, what is -2a5 - -1?
-2a4
In base 10, what is -8102 + 5?
-8097
In base 14, what is 14 - 0?
14
In base 11, what is -4 - 1a80?
-1a84
In base 13, what is -5 + -2a?
-32
In base 3, what is 211210 + -2?
211201
In base 13, what is 2c - 0?
2c
In base 10, what is -2 - -2230?
2228
In base 7, what is 2 - -324?
326
In base 14, what is -4 - 67d?
-683
In base 4, what is -31 - 22?
-113
In base 9, what is -6 + 26?
20
In base 6, what is -4 + -15330?
-15334
In base 15, what is -2add + -2?
-2ae0
In base 9, what is 5 - 64?
-58
In base 4, what is -3121 - 3?
-3130
In base 6, what is 523 + 4?
531
In base 4, what is 1 + 1003233?
1003300
In base 4, what is -2010 - -120?
-1230
In base 2, what is -11110001100 - -11?
-11110001001
In base 13, what is 114 + -5?
10c
In base 8, what is -43 - -146?
103
In base 2, what is 10001110 + -11?
10001011
In base 10, what is 38 + 109?
147
In base 8, what is -5 + -4602?
-4607
In base 2, what is 11001 + -101?
10100
In base 8, what is 537 - 4?
533
In base 11, what is -183 - -2?
-181
In base 4, what is -12 - 30?
-102
In base 12, what is 590 + 7?
597
In base 9, what is 74 + 7?
82
In base 14, what is 6 - -ba?
c2
In base 3, what is -11 - 2022021?
-2022102
In base 5, what is -1234 + 10?
-1224
In base 9, what is 2 - 127?
-125
In base 14, what is 221 + -3?
21c
In base 2, what is 11 + -110101?
-110010
In base 6, what is 22 - 2315?
-2253
In base 16, what is 5bd - -2?
5bf
In base 6, what is -13002 + -5?
-13011
In base 10, what is -2 - 100?
-102
In base 7, what is 4 + 61?
65
In base 14, what is 2b + -48?
-1b
In base 10, what is 539 + -1?
538
In base 15, what is 6b9 + -1?
6b8
In base 14, what is -74 - 28?
-9c
In base 13, what is -48b + 4?
-487
In base 2, what is -10100000 - 100?
-10100100
In base 8, what is -460 - 110?
-570
In base 8, what is 36 - 105?
-47
In base 15, what is -66 + 59?
-c
In base 9, what is -2 + -78?
-81
In base 7, what is -100 - 0?
-100
In base 6, what is 213 + -123?
50
In base 2, what is -11 - -10011100?
10011001
In base 15, what is 1 - -65?
66
In base 10, what is -3 - 205?
-208
In base 7, what is -2 - -1?
-1
In base 12, what is 4 + 4b40?
4b44
In base 14, what is -2b9 - 5?
-2c0
In base 11, what is -1018 - -5?
-1013
In base 15, what is 3 - 31?
-2d
In base 2, what is 11111 + -10101?
1010
In base 2, what is -111 + -100?
-1011
In base 9, what is 10 + 26?
36
In base 13, what is -1248 - -1?
-1247
In base 8, what is -3 + 46?
43
In base 5, what is -1012122 + 10?
-1012112
In base 10, what is 4 - 271?
-267
In base 7, what is 1 - -2036?
2040
In base 4, what is -1 + 3021?
3020
In base 4, what is 222 - -123?
1011
In base 15, what is -d + -17?
-25
In base 11, what is 4 - 229?
-225
In base 13, what is -1 + 8?
7
In base 9, what is 1 - 225?
-224
In base 5, what is 10 - 3423?
-3413
In base 2, what is 10 + 110111?
111001
In base 13, what is -68 - 15?
-80
In base 13, what is 198 + 21?
1b9
In base 14, what is -103 - -1?
-102
In base 4, what is 2031 + 2?
2033
In base 6, what is -11 - -1421?
1410
In base 14, what is -12b + 1?
-12a
In base 16, what is 3 - 12?
-f
In base 3, what is 0 + -2211022?
-2211022
In base 15, what is -1 - -700?
6ee
In base 3, what is -102 + -11?
-120
In base 5, what is -2 + 230?
223
In base 5, what is 233300 + -4?
233241
In base 7, what is 30 + -4?
23
In base 3, what is -12 - 121120?
-121202
In base 2, what is 11 - -10101000?
10101011
In base 10, what is 7 - -205?
212
In base 11, what is 6a3 + 1?
6a4
In base 12, what is -1 + -629?
-62a
In base 12, what is 2 - 1ab9?
-1ab7
In base 16, what is -b8 + 6?
-b2
In base 13, what is -1 + 388?
387
In base 13, what is -ab5 - -1?
-ab4
In base 4, what is -100330 + 3?
-100321
In base 15, what is 1 + -7d?
-7c
In base 3, what is 1120 - 2?
1111
In base 2, what is -11001010 + -1001?
-11010011
In base 15, what is -1 + -388?
-389
In base 7, what is -14 + -53?
-100
In base 7, what is -2 + -2144?
-2146
In base 2, what is -10001111010 - -101?
-10001110101
In base 3, what is 111122 + -1?
111121
In base 10, what is 4770 - -3?
4773
In base 6, what is -2140 + 3?
-2133
In base 9, what is -102 - 11?
-113
In base 16, what is 552c + -4?
5528
In base 13, what is b - 3?
8
In base 9, what is 0 - 1405?
-1405
In base 16